{"id":137,"date":"2025-06-17T00:59:47","date_gmt":"2025-06-16T22:59:47","guid":{"rendered":"https:\/\/servis.salatech.sk\/?page_id=137"},"modified":"2025-06-17T01:00:07","modified_gmt":"2025-06-16T23:00:07","slug":"sluzby","status":"publish","type":"page","link":"https:\/\/servis.salatech.sk\/?page_id=137","title":{"rendered":"Slu\u017eby"},"content":{"rendered":"\n<p>Opravy a \u00fadr\u017eba Technics \u2013 Gramof\u00f3ny SL1200 a 1210<\/p>\n\n\n\n<p>Denon DJ: z\u00e1ru\u010dn\u00e9 a poz\u00e1ru\u010dn\u00e9 opravy \u2013 DJ mix\u00e1\u017ene pulty, DJ konzoly, DJ prehr\u00e1va\u010de<\/p>\n\n\n\n<p>Rane \u2013 DJ mix\u00e1\u017ene pulty, DJ konzoly&nbsp;<\/p>\n\n\n\n<p>Serato \u2013 SL jednotky<\/p>\n\n\n\n<p>Pioneer \u2013 DJ mix\u00e1\u017ene pulty \u2013 DJ prehr\u00e1va\u010de \u2013 DJ konzoly<\/p>\n\n\n\n<p>Ecler \u2013 DJ mix\u00e1\u017ene pulty HAK, NUO<\/p>\n\n\n\n<p>Eve Audio \u2013 opravy akt\u00edvnych reproduktorov SC204, SC205, SC208, SC305, SC307 a in\u00fdch.<\/p>\n\n\n\n<p>Sme servisn\u00fd partner pre dovozcu zna\u010dky pre slovensk\u00fd trh<\/p>\n\n\n\n<p><strong>Produkty:<\/strong><\/p>\n\n\n\n<p>Innofader. Predaj, in\u0161tal\u00e1cie a servis.<\/p>\n\n\n\n<p>V\u00fdroba audio k\u00e1blov pod\u013ea po\u017eiadavok klienta.<\/p>\n\n\n\n<p>V\u00fdroba a profesion\u00e1lny polep f\u00f3liou na mieru pre gramof\u00f3ny Technics a Pioneer<\/p>\n","protected":false},"excerpt":{"rendered":"<p>Opravy a \u00fadr\u017eba Technics \u2013 Gramof\u00f3ny SL1200 a 1210 Denon DJ: z\u00e1ru\u010dn\u00e9 a poz\u00e1ru\u010dn\u00e9 opravy \u2013 DJ mix\u00e1\u017ene pulty, DJ konzoly, DJ prehr\u00e1va\u010de Rane \u2013 DJ mix\u00e1\u017ene pulty, DJ konzoly&nbsp; Serato \u2013 SL jednotky Pioneer \u2013 DJ mix\u00e1\u017ene pulty \u2013 &hellip; <a href=\"https:\/\/servis.salatech.sk\/?page_id=137\">Pokra\u010dova\u0165 v \u010d\u00edtan\u00ed <span class=\"meta-nav\">&rarr;<\/span><\/a><\/p>\n","protected":false},"author":1,"featured_media":0,"parent":0,"menu_order":0,"comment_status":"closed","ping_status":"closed","template":"","meta":{"footnotes":""},"class_list":["post-137","page","type-page","status-publish","hentry"],"_links":{"self":[{"href":"https:\/\/servis.salatech.sk\/index.php?rest_route=\/wp\/v2\/pages\/137","targetHints":{"allow":["GET"]}}],"collection":[{"href":"https:\/\/servis.salatech.sk\/index.php?rest_route=\/wp\/v2\/pages"}],"about":[{"href":"https:\/\/servis.salatech.sk\/index.php?rest_route=\/wp\/v2\/types\/page"}],"author":[{"embeddable":true,"href":"https:\/\/servis.salatech.sk\/index.php?rest_route=\/wp\/v2\/users\/1"}],"replies":[{"embeddable":true,"href":"https:\/\/servis.salatech.sk\/index.php?rest_route=%2Fwp%2Fv2%2Fcomments&post=137"}],"version-history":[{"count":2,"href":"https:\/\/servis.salatech.sk\/index.php?rest_route=\/wp\/v2\/pages\/137\/revisions"}],"predecessor-version":[{"id":140,"href":"https:\/\/servis.salatech.sk\/index.php?rest_route=\/wp\/v2\/pages\/137\/revisions\/140"}],"wp:attachment":[{"href":"https:\/\/servis.salatech.sk\/index.php?rest_route=%2Fwp%2Fv2%2Fmedia&parent=137"}],"curies":[{"name":"wp","href":"https:\/\/api.w.org\/{rel}","templated":true}]}}